6*s + 493. Let g be f(6). Calculate the highest common factor of g and 124.
31
Let g = -3742 + 1206. Let c = -1514 - g. Calculate the greatest common factor of c and 14.
14
Suppose 2*f + 2*f - 40 = 0. Suppose 0 = -180*p - 210*p + 5850. What is the highest common factor of p and f?
5
Let i be 7*(-48)/448*(-480)/2. Calculate the greatest common divisor of 40 and i.
20
Let o be 704 + -1 + (-2 - -1). Let j = -351 + o. Suppose 5*a = 38 + 157. What is the highest common factor of a and j?
39
Suppose -21*v + 932 = 302. Suppose c - 1528 = -538. What is the highest common factor of c and v?
30
Let n(k) = 9*k**2 + 9*k - 4. Let f be n(-2). Suppose -393 = -w + 125. What is the greatest common factor of f and w?
14
Let y = 943 - 605. Let r(g) = 41*g + 5654. Let l be r(-136). Calculate the greatest common factor of y and l.
26
Let w be 12/16*7448/57. What is the highest common factor of w and 119?
7
Let a(z) = 2*z**2 + 88*z - 274. Let b be a(-47). Calculate the highest common divisor of 132 and b.
4
Suppose 8*w - 119 = -9*w. Calculate the highest common divisor of w and 15057.
7
Let l be 3 - 29/(203/(-30))*14. Suppose y = 1 + 8. What is the highest common factor of y and l?
9
Suppose -4*d - 230 = -5*z + 233, 2*z - 172 = -5*d. Let i = -85 + z. Calculate the highest common factor of 3 and i.
3
Let v = -1322 + 1345. Suppose -4*m + 17 + 60 = 3*j, -5*j - 25 = 0. Calculate the greatest common factor of m and v.
23
Let b = -28198 - -28261. Let s = 24 - 15. What is the highest common factor of s and b?
9
Let v = 193 + -213. Let d be (-136)/(13/(130/v)). What is the highest common divisor of 459 and d?
17
Let v(h) = 2*h**3 - 6*h**2 + 1. Let r be v(4). Let l be (528/(-108))/(3 - ((-260)/(-36) + -4)). Calculate the highest common factor of r and l.
11
Let p(m) be the third derivative of 0 - 13*m**2 - 10/3*m**4 - 5/3*m**3 + 0*m. Let c be p(-5). What is the highest common factor of 39 and c?
39
Let o = 98344 - 98299. Suppose -4*f + 2283 + 237 = 0. What is the highest common factor of o and f?
45
Let w = 5005 - 2742. What is the highest common factor of 62 and w?
31
Let n(t) = 12*t**2 - 153*t + 453. Let z be n(3). Calculate the highest common divisor of z and 1404.
6
Let k(y) = 5*y + 4. Let d be k(8). Let v = 57 - d. Suppose -5*n + 0*n + 325 = 0. Calculate the highest common divisor of n and v.
13
Let p(l) = -172*l - 1005. Let f be p(-6). What is the greatest common divisor of 1323 and f?
27
Suppose 2*t - 6*a + 31 = -11*a, a = 4*t + 29. Suppose -60 = -6*j + j. Let h be 3/t*(4 - j). What is the greatest common factor of 27 and h?
3
Let v be (-36 - -6)*(-1 + (-29)/(-5)). Let r = v - -165. Calculate the greatest common divisor of r and 7.
7
Let c(h) = 2*h**3 + 3*h**2 - 4*h + 2. Let k be c(4). Let t be (-8)/(-168)*-7 - 7/((-42)/110). What is the highest common factor of k and t?
18
Let q(v) = -10*v - 34. Let a be q(-7). Let p be (-6)/(-27) - (-8740)/a. Let w = 11 - -16. What is the greatest common factor of p and w?
27
Suppose z - 510 = 7*z. Let d = z - -173. Suppose b - 22 = -2*u + 3*b, 3*u - 33 = -b. Calculate the highest common divisor of u and d.
11
Let q be (-3)/(-8) + 11 + 916/32. Suppose -q*a - 80 = -45*a. Let m(p) = -p**3 + 9*p**2 + 8*p. Let z be m(8). What is the highest common divisor of a and z?
16
Suppose -18 = -15*r + 9*r. Suppose r*w - 10 + 5 = -q, -5*q = -3*w + 29. Calculate the greatest common divisor of 339 and w.
3
Let z = 25 - 27. Let a = -1 - z. Let l = -7 + 8. What is the greatest common divisor of l and a?
1
Let q = -11827 + 22195. What is the highest common factor of q and 81?
81
Let z be 1014*(9/2 + 172/(-43)). Let c = z + -493. Calculate the highest common divisor of c and 14.
14
Let k be (5*2/(-6))/(5/(-15)). Suppose 2*c = y - 152, -k*y + 732 = -0*y - 3*c. What is the highest common divisor of y and 16?
16
Let b be (-196)/(-294) + 92/(-3). Let j be 544/12 - (-10)/b. What is the highest common divisor of j and 315?
45
Suppose -14*t = -42*t - 22*t + 6300. Calculate the greatest common factor of 532 and t.
14
Suppose 1220 = 40*a - 36*a. Suppose 311*k - 96 = a*k. What is the highest common factor of k and 256?
16
Let o(u) = 4*u**3 - 50*u**2 - 3*u. Let i be o(13). Let r(a) = a**3 + 8*a**2 + 9*a + 5. Let b be r(-6). What is the greatest common divisor of b and i?
23
Suppose 4*a = 5*u - 15, 0 = 4*u - 3*a + 8*a - 12. Suppose -u*z = 4*c - 128, 8*c = -z + 3*c + 61. What is the greatest common divisor of 4 and z?
4
Suppose 48*p = 47*p - 5*g - 11, 4*p - 4*g - 76 = 0. What is the greatest common factor of 259 and p?
7
Suppose -2*z - 3*z + 3*u = -59, z + 5 = -5*u. Suppose -7*d + 43 = 71. Let o be 30/d*(-56)/70. Calculate the greatest common factor of z and o.
2
Suppose -10*v + 12 = -6*v. Suppose -v*c = -190 + 22. Suppose c = -3*g + 5*g. Calculate the greatest common divisor of 56 and g.
28
Suppose -1058*j = -1089*j + 19747. Calculate the greatest common factor of 143 and j.
13
Let v = -83 + 207. Let y = 129 - v. Suppose -y*g = z + 11, -z - g + 9 = -0*z. Calculate the greatest common factor of z and 4.
2
Let j(r) = 11*r**2. Let g be j(1). Suppose -4*u + 4*i = 40, u = -3*i - 0 + 10. Let o = 39 - u. Calculate the highest common factor of o and g.
11
Let m be (-3)/4 + (-70)/(-8). Let p = 61 - -58. Let g = p + -117. What is the highest common divisor of g and m?
2
Let t be (-9 + 1)/4*2. Let p be ((-3 - -16) + 1)*t. Let o be (-1)/8 + ((-32823)/p)/9. What is the greatest common factor of 13 and o?
13
Suppose -5*h + 28 = -3*h. Let v be 5 + -15 + 4 - -10 - 6. Let x be -11 + 9 - -159 - (-6)/v. What is the highest common factor of x and h?
14
Let o(q) be the first derivative of 6*q**3 + q**2/2 - q + 169. Let a be o(-1). Calculate the highest common divisor of 12 and a.
4
Let t be (24 + -1 + -14)/(0 - (-3)/64). Calculate the highest common factor of t and 252.
12
Let t(d) = 4*d**3 + 6*d**2 - 9*d + 1. Let x be t(7). Suppose -2*z - 3*r = -2*r - 3164, -x = -z + 5*r. Calculate the highest common factor of z and 99.
99
Suppose -3*w - 2*x + 567 = 129, 0 = w - 3*x - 168. What is the highest common divisor of 660 and w?
30
Let j be (-42)/147*21 + 1412/2. Calculate the highest common factor of j and 56.
28
Let u = -154 + 158. Suppose -2*p + 0*p - u*d = -356, -3*p - 4*d + 536 = 0. What is the greatest common divisor of p and 36?
36
Let s(g) be the third derivative of 7*g**4/6 - 149*g**3/6 - g**2 - 41*g. Let a be s(39). Calculate the greatest common divisor of a and 23.
23
Let o = 38164 + -32639. Calculate the greatest common factor of o and 3575.
325
Let w be 7 + -1 - 0/18. Let d(p) = 13*p**2 - 14*p + 6. Let i be d(w). What is the greatest common divisor of i and 156?
78
Let m = -313 - -394. Let a be (-162)/4*(-2)/3. What is the highest common divisor of a and m?
27
Let h(j) = 547*j**2 + 270*j - 1626. Let z be h(6). What is the highest common factor of z and 17?
17
Let w be -44 + 22 - (-201 + 8). What is the highest common divisor of 603 and w?
9
Let d be (1 - 7)/(-6)*7*1. Suppose 1275 = -d*y + 10*y. Suppose 7*u + y = 12*u. What is the highest common divisor of u and 17?
17
Suppose -106*v + 110*v + 2*f - 1926 = 0, 6*v - 4*f - 2938 = 0. What is the highest common divisor of v and 1843?
97
Let j be (10/(-2))/((-12)/600*5). Suppose -163*x = -158*x - 875. What is the greatest common factor of x and j?
25
Let z be (-2)/7 + (-16875)/(-875). Calculate the highest common divisor of 3439 and z.
19
Let q(h) = 42*h - 6. Suppose g + 1 = 3*s - 10, 5*g = -5*s + 5. Let o be q(s). Calculate the highest common divisor of o and 24.
24
Let s be -2 + 6462 + (-20)/(-70)*28/2. What is the greatest common divisor of 101 and s?
101
Suppose 0 = 18*k - 182 - 304. Calculate the greatest common factor of 351 and k.
27
Let t = -6 - -13. Let m be -2 + ((-28)/10)/(10/(-25)). Suppose 20*a - 105 = m*a. What is the highest common divisor of a and t?
7
Suppose -u - 4*u = -2*y - 250, -5*u - y = -250. What is the greatest common factor of u and 150?
50
Suppose 0 = j - 8, 0 = -826*v + 827*v - 3*j + 22. What is the highest common divisor of v and 1851?
1
Let k be (-5 + 3)*(0 - 1). Let l be -2 + 4 - ((-8)/(-2) - 3). Let f be (-2 - -8) + 0 + k/l. Calculate the greatest common divisor of 24 and f.
8
Suppose -34*b + 23 - 24 = -137. What is the greatest common divisor of b and 716?
4
Suppose -q = -9*p + 6*p - 14, 5*q - 3*p